{"id":195,"date":"2025-03-13T12:15:07","date_gmt":"2025-03-13T12:15:07","guid":{"rendered":"https:\/\/tradeflow-ai.org\/?page_id=195"},"modified":"2025-03-13T12:19:22","modified_gmt":"2025-03-13T12:19:22","slug":"thank-you-page-crypto-br","status":"publish","type":"page","link":"https:\/\/tradeflow-ai.org\/?page_id=195","title":{"rendered":"Thank You Page Crypto BR"},"content":{"rendered":"\t\t<div data-elementor-type=\"wp-page\" data-elementor-id=\"195\" class=\"elementor elementor-195\" data-elementor-post-type=\"page\">\n\t\t\t\t<div class=\"elementor-element elementor-element-663c7ad e-con-full e-flex e-con e-parent\" data-id=\"663c7ad\" data-element_type=\"container\" data-settings=\"{&quot;background_background&quot;:&quot;classic&quot;}\">\n\t\t\t\t<div class=\"elementor-element elementor-element-a3ba0ab elementor-widget elementor-widget-heading\" data-id=\"a3ba0ab\" data-element_type=\"widget\" data-widget_type=\"heading.default\">\n\t\t\t\t<div class=\"elementor-widget-container\">\n\t\t\t\t\t<h2 class=\"elementor-heading-title elementor-size-default\">Recebemos sua solicita\u00e7\u00e3o!<\/h2>\t\t\t\t<\/div>\n\t\t\t\t<\/div>\n\t\t\t\t<div class=\"elementor-element elementor-element-bd8da2d elementor-widget elementor-widget-text-editor\" data-id=\"bd8da2d\" data-element_type=\"widget\" data-widget_type=\"text-editor.default\">\n\t\t\t\t<div class=\"elementor-widget-container\">\n\t\t\t\t\t\t\t\t\t<p>Um de nossos consultores entrar\u00e1 em contato com voc\u00ea dentro de 24 horas para lhe fornecer o e-book e agendar sua consulta individual<\/p><p>Lembre-se de verificar seu telefone para n\u00e3o perder seu acesso GRATUITO<\/p>\t\t\t\t\t\t\t\t<\/div>\n\t\t\t\t<\/div>\n\t\t\t\t<\/div>\n\t\t\t\t<\/div>\n\t\t","protected":false},"excerpt":{"rendered":"<p>Recebemos sua solicita\u00e7\u00e3o! Um de nossos consultores entrar\u00e1 em contato com voc\u00ea dentro de 24 horas para lhe fornecer o e-book e agendar sua consulta individual Lembre-se de verificar seu telefone para n\u00e3o perder seu acesso GRATUITO<\/p>\n","protected":false},"author":2,"featured_media":0,"parent":0,"menu_order":0,"comment_status":"closed","ping_status":"closed","template":"elementor_canvas","meta":{"footnotes":""},"class_list":["post-195","page","type-page","status-publish","hentry"],"_links":{"self":[{"href":"https:\/\/tradeflow-ai.org\/index.php?rest_route=\/wp\/v2\/pages\/195","targetHints":{"allow":["GET"]}}],"collection":[{"href":"https:\/\/tradeflow-ai.org\/index.php?rest_route=\/wp\/v2\/pages"}],"about":[{"href":"https:\/\/tradeflow-ai.org\/index.php?rest_route=\/wp\/v2\/types\/page"}],"author":[{"embeddable":true,"href":"https:\/\/tradeflow-ai.org\/index.php?rest_route=\/wp\/v2\/users\/2"}],"replies":[{"embeddable":true,"href":"https:\/\/tradeflow-ai.org\/index.php?rest_route=%2Fwp%2Fv2%2Fcomments&post=195"}],"version-history":[{"count":4,"href":"https:\/\/tradeflow-ai.org\/index.php?rest_route=\/wp\/v2\/pages\/195\/revisions"}],"predecessor-version":[{"id":204,"href":"https:\/\/tradeflow-ai.org\/index.php?rest_route=\/wp\/v2\/pages\/195\/revisions\/204"}],"wp:attachment":[{"href":"https:\/\/tradeflow-ai.org\/index.php?rest_route=%2Fwp%2Fv2%2Fmedia&parent=195"}],"curies":[{"name":"wp","href":"https:\/\/api.w.org\/{rel}","templated":true}]}}